{"id":5,"date":"2015-10-28T11:33:16","date_gmt":"2015-10-28T11:33:16","guid":{"rendered":"http:\/\/www.dichvuvideo.com\/?page_id=5"},"modified":"2015-10-29T03:20:36","modified_gmt":"2015-10-29T03:20:36","slug":"chao-mung-ban-den-voi-dichvuvideo-com","status":"publish","type":"page","link":"\/","title":{"rendered":"Trang ch\u1ee7"},"content":{"rendered":"<table id=\"table_c\" style=\"height: 175px;\" width=\"1379\">\n<tbody>\n<tr>\n<td colspan=\"2\" align=\"center\">\n<p id=\"title\">CH\u00c0O M\u1eeaNG C\u00c1C B\u1ea0N \u0110\u1ebeN V\u1edaI DICHVUVIDEO.COM<\/p>\n<\/td>\n<\/tr>\n<tr>\n<td id=\"text_c\">\n<p id=\"content_title\">V\u1edbi ph\u01b0\u01a1ng ch\u00e2m &#8220;Kh\u00e1ch h\u00e0ng l\u00e0 th\u1ef1\u01a1ng \u0111\u1ebf&#8221; Ch\u00fang t\u00f4i s\u1ebd ph\u1ee5c v\u1ee5 c\u00e1c b\u1ea1n m\u1ecdi y\u00eau c\u1ea7u v\u1ec1 b\u0103ng \u0111\u0129a. T\u1eeb vi\u1ec7c chuy\u1ec3n b\u0103ng \u0111\u0129a VHS \u0111\u1ebfn chuy\u1ec7n l\u00e0m h\u1eadu k\u1ef3 , hay l\u00e0m slideshow t\u1eeb c\u00e1c \u1ea3nh ch\u1ee5p. Ch\u00fang t\u00f4i s\u1ebd gi\u00fap c\u00e1c b\u1ea1n c\u00f3 th\u1ec3 xem l\u1ea1i nh\u1eefng h\u00ecnh \u1ea3nh \u0111\u1eb9p nh\u1ea5t m\u00e0 c\u00e1c b\u1ea1n \u0111\u00e3 \u0111i qua.<\/p>\n<\/td>\n<td><img loading=\"lazy\" decoding=\"async\" class=\"aligncenter\" src=\"http:\/\/www.dichvuvideo.com\/images\/banner_all_in_one.jpg\" alt=\"banner_all\" width=\"505\" height=\"215\" \/><\/td>\n<\/tr>\n<\/tbody>\n<\/table>\n<table id=\"table_c\">\n<tbody>\n<tr>\n<td colspan=\"2\" align=\"center\">\n<p id=\"title\">Dich V\u1ee5 Quay Phim<\/p>\n<\/td>\n<\/tr>\n<tr>\n<td id=\"text_c\">\n<p id=\"content_title\">V\u1edbi \u0111\u1ed9i ng\u0169 quay phim chuy\u00ean nghi\u1ec7p c\u00f3 ki\u1ebfn th\u1ee9c th\u00e2m ni\u00ean trong ng\u00e0nh audio &amp; video.M\u00e1y quay phim chu\u1ea9n SD,HD. Ch\u00fang t\u00f4i s\u1ebd gi\u00fap b\u1ea1n l\u01b0u l\u1ea1i nh\u1eefng kh\u1ecfanh kh\u1eafc \u0111\u00e1ng nh\u1edb trong \u0111\u00e1m c\u01b0\u1edbi, sinh nh\u1eadt, h\u1ed9i ngh\u1ecb.<\/p>\n<\/td>\n<td width=\"310\"><img loading=\"lazy\" decoding=\"async\" src=\"http:\/\/www.dichvuvideo.com\/images\/quayphim.jpg\" alt=\"quay\" width=\"300\" height=\"125\" \/><\/td>\n<\/tr>\n<\/tbody>\n<\/table>\n<table id=\"table_c\">\n<tbody>\n<tr>\n<td colspan=\"2\" align=\"center\">\n<p id=\"title\">D\u1ecbch V\u1ee5 Ch\u1ee5p H\u00ecnh<\/p>\n<\/td>\n<\/tr>\n<tr>\n<td id=\"text_c\">\n<p id=\"content_title\">Ch\u00fang t\u00f4i c\u00f3 c\u00e1c tay th\u1ee3 l\u00e0nh ngh\u1ec1, s\u1eef d\u1ee5ng c\u00e1c l\u1ecdai m\u00e1y ch\u1ee5p \u1ea3nh chuy\u00ean nghi\u1ec7p Nikon D200, D300,D800&#8230; C\u00e1c b\u1ea1n s\u1ebd c\u00f3 nh\u1eefng b\u1ee9c \u1ea3nh tuy\u1ec7t \u0111\u1eb9p..<\/p>\n<\/td>\n<td width=\"310\"><img loading=\"lazy\" decoding=\"async\" src=\"http:\/\/www.dichvuvideo.com\/images\/chuphinh.jpg\" alt=\"chup\" width=\"300\" height=\"125\" \/><\/td>\n<\/tr>\n<\/tbody>\n<\/table>\n<table id=\"table_c\">\n<tbody>\n<tr>\n<td colspan=\"2\" align=\"center\">\n<p id=\"title\">D\u1ecbch V\u1ee5 Chuy\u1ec3n B\u0103ng VHS<\/p>\n<\/td>\n<\/tr>\n<tr>\n<td id=\"text_c\">\n<p id=\"content_title\">C\u00e1c b\u1ea1n \u0111ang c\u00f3 nh\u1eefng cu\u1ed1n phim k\u1ec9 ni\u1ec7m d\u00f9ng b\u0103ng VHS. H\u00e3y chuy\u1ec3n n\u00f3 sang DVD \u0111\u1ec3 b\u1ea3o qu\u1ea3n l\u00e2u h\u01a1n. Ch\u00fang t\u00f4i c\u00f3 th\u1ec3 chuy\u1ec3n h\u1ea7u h\u1ebft c\u00e1c \u0111\u1ecbnh d\u1ea1ng b\u0103ng t\u1eeb VHS , Mini DV cho \u0111\u1ebfn HD<\/p>\n<\/td>\n<td width=\"310\"><img loading=\"lazy\" decoding=\"async\" src=\"http:\/\/www.dichvuvideo.com\/images\/Tap-convert.jpg\" alt=\"chup\" width=\"300\" height=\"125\" \/><\/td>\n<\/tr>\n<\/tbody>\n<\/table>\n<table id=\"table_c\">\n<tbody>\n<tr>\n<td colspan=\"2\" align=\"center\">\n<p id=\"title\">D\u1ecbch V\u1ee5 Sang \u0110\u0129a<\/p>\n<\/td>\n<\/tr>\n<tr>\n<td id=\"text_c\">\n<p id=\"content_title\">B\u1ea1n l\u00e0 doanh nghi\u1ec7p mu\u1ed1n qu\u1ea3ng b\u00e1 th\u01b0\u01a1ng hi\u1ec7u, l\u00e0m c\u00e1c \u0111\u0129a h\u01b0\u1edbng d\u1eabn hay \u0111\u1ec1 m\u00f4 s\u1ea3n ph\u1ea9m.Ch\u00fang t\u00f4i s\u1ebd gi\u00fap qu\u00fd c\u00f4ng ty nh\u00e2n b\u1ea3n trong th\u1eddi gian ng\u1eafn nh\u1ea5t v\u00e0 ch\u1ea5t l\u01b0\u1ee3ng t\u1ed1t nh\u1ea5t. B\u1ea1n l\u00e0 c\u00e1 nh\u00e2n mu\u1ed1n chia s\u1ebd nh\u1eefng cu\u1ed9n film c\u00e1 nh\u00e2n hay, nh\u1eefng k\u0129 ni\u1ec7m mu\u1ed1n chia s\u1ebd v\u1edbi ng\u01b0\u1eddi th\u00e2n. H\u00e3y copy ch\u00fang v\u00e0 chia s\u1ebd cho nh\u1eefng ng\u01b0\u1eddi th\u00e2n y\u00eau. L\u01b0u \u00fd: ch\u00fang t\u00f4i kh\u00f4ng sang ch\u00e9p c\u00e1c lo\u1ea1i b\u0103ng c\u1ea5m v\u00e0 qu\u00fd kh\u00e1ch t\u1ef1 ch\u1ecbu tr\u00e1ch nhi\u1ec7m v\u1ec1 n\u1ed9i dung sao ch\u00e9p.<\/p>\n<\/td>\n<td width=\"310\"><img loading=\"lazy\" decoding=\"async\" src=\"http:\/\/www.dichvuvideo.com\/images\/copy%20disk.jpg\" alt=\"chup\" width=\"300\" height=\"250\" \/><\/td>\n<\/tr>\n<\/tbody>\n<\/table>\n<table id=\"table_c\">\n<tbody>\n<tr>\n<td colspan=\"2\" align=\"center\">\n<p id=\"title\">D\u1ecbch V\u1ee5 L\u00e0m H\u1eadu K\u1ef3<\/p>\n<\/td>\n<\/tr>\n<tr>\n<td id=\"text_c\">\n<p id=\"content_title\">B\u1ea1n l\u00e0 d\u00e2n chuy\u00ean nghi\u1ec7p hay nghi\u1ec7p d\u01b0 quay phim b\u1eb1ng nh\u1eefng m\u00e1y quay t\u1eeb b\u00ecnh d\u00e2n hay m\u00e1y quay chuy\u00ean nghi\u1ec7p khi quay xong m\u00e0 kh\u00f4ng c\u00f3 th\u1eddi gian l\u00e0m h\u1eadu k\u1ef3? b\u1ea1n mu\u1ed1n l\u1ed3ng nh\u1ea1c ho\u1eb7c ch\u1ec9nh s\u1eefa l\u1ea1i \u0111\u1ecdan b\u0103ng. Ch\u00fang t\u00f4i s\u1eef d\u1ee5ng c\u00e1c ph\u1ea7n m\u1ec1m l\u00e0m h\u1eadu k\u1ef3 m\u1edbi nh\u1ea5t, gi\u00fap b\u1ea1n h\u00f2an t\u00f2an y\u00ean t\u00e2m cho s\u1ea3n ph\u1ea9m sau c\u00f9ng.<\/p>\n<\/td>\n<\/tr>\n<\/tbody>\n<\/table>\n","protected":false},"excerpt":{"rendered":"<p>CH\u00c0O M\u1eeaNG C\u00c1C B\u1ea0N \u0110\u1ebeN V\u1edaI DICHVUVIDEO.COM V\u1edbi ph\u01b0\u01a1ng ch\u00e2m &#8220;Kh\u00e1ch h\u00e0ng l\u00e0 th\u1ef1\u01a1ng \u0111\u1ebf&#8221; Ch\u00fang t\u00f4i s\u1ebd ph\u1ee5c v\u1ee5 c\u00e1c b\u1ea1n m\u1ecdi y\u00eau c\u1ea7u v\u1ec1 b\u0103ng \u0111\u0129a. T\u1eeb vi\u1ec7c chuy\u1ec3n b\u0103ng \u0111\u0129a VHS \u0111\u1ebfn chuy\u1ec7n l\u00e0m h\u1eadu k\u1ef3 , hay l\u00e0m slideshow t\u1eeb c\u00e1c \u1ea3nh ch\u1ee5p. Ch\u00fang t\u00f4i s\u1ebd&#8230; <a class=\"continue-reading-link\" href=\"\/\">Continue reading<\/a><\/p>\n","protected":false},"author":1,"featured_media":0,"parent":0,"menu_order":0,"comment_status":"closed","ping_status":"closed","template":"","meta":{"footnotes":""},"class_list":["post-5","page","type-page","status-publish","hentry"],"_links":{"self":[{"href":"\/index.php?rest_route=\/wp\/v2\/pages\/5","targetHints":{"allow":["GET"]}}],"collection":[{"href":"\/index.php?rest_route=\/wp\/v2\/pages"}],"about":[{"href":"\/index.php?rest_route=\/wp\/v2\/types\/page"}],"author":[{"embeddable":true,"href":"\/index.php?rest_route=\/wp\/v2\/users\/1"}],"replies":[{"embeddable":true,"href":"\/index.php?rest_route=%2Fwp%2Fv2%2Fcomments&post=5"}],"version-history":[{"count":6,"href":"\/index.php?rest_route=\/wp\/v2\/pages\/5\/revisions"}],"predecessor-version":[{"id":30,"href":"\/index.php?rest_route=\/wp\/v2\/pages\/5\/revisions\/30"}],"wp:attachment":[{"href":"\/index.php?rest_route=%2Fwp%2Fv2%2Fmedia&parent=5"}],"curies":[{"name":"wp","href":"https:\/\/api.w.org\/{rel}","templated":true}]}}